e hundreds digit of 416763?
7
What is the units digit of 11453399?
9
What is the tens digit of 2999323?
2
What is the units digit of 214446?
6
What is the tens digit of 103148?
4
What is the hundred thousands digit of 561290?
5
What is the units digit of 1365947?
7
What is the ten thousands digit of 250593?
5
What is the millions digit of 10638642?
0
What is the ten thousands digit of 1843413?
4
What is the hundred thousands digit of 11544585?
5
What is the hundreds digit of 7919704?
7
What is the units digit of 103559?
9
What is the millions digit of 3080435?
3
What is the tens digit of 23017906?
0
What is the hundred thousands digit of 2199672?
1
What is the units digit of 1353402?
2
What is the ten millions digit of 13736725?
1
What is the tens digit of 710862?
6
What is the tens digit of 648616?
1
What is the ten thousands digit of 446213?
4
What is the tens digit of 342512?
1
What is the millions digit of 3294107?
3
What is the ten thousands digit of 874560?
7
What is the ten thousands digit of 43427?
4
What is the hundreds digit of 1105096?
0
What is the thousands digit of 1207663?
7
What is the millions digit of 22810237?
2
What is the units digit of 10438892?
2
What is the units digit of 330114?
4
What is the thousands digit of 275505?
5
What is the hundreds digit of 1214861?
8
What is the thousands digit of 56866?
6
What is the tens digit of 356193?
9
What is the units digit of 245521?
1
What is the hundreds digit of 6261939?
9
What is the units digit of 279204?
4
What is the tens digit of 45191?
9
What is the hundred thousands digit of 3390249?
3
What is the hundred thousands digit of 10867075?
8
What is the hundred thousands digit of 2224998?
2
What is the units digit of 71651?
1
What is the units digit of 5507946?
6
What is the thousands digit of 2073720?
3
What is the ten thousands digit of 1990475?
9
What is the millions digit of 1282315?
1
What is the hundreds digit of 553878?
8
What is the units digit of 4187227?
7
What is the thousands digit of 410553?
0
What is the hundreds digit of 1765078?
0
What is the hundreds digit of 928409?
4
What is the hundred thousands digit of 106366?
1
What is the thousands digit of 767787?
7
What is the tens digit of 91036?
3
What is the units digit of 381549?
9
What is the hundreds digit of 507989?
9
What is the hundred thousands digit of 1477521?
4
What is the units digit of 197462?
2
What is the tens digit of 642655?
5
What is the hundreds digit of 734000?
0
What is the hundred thousands digit of 730678?
7
What is the tens digit of 435768?
6
What is the ten thousands digit of 2024974?
2
What is the ten thousands digit of 12317?
1
What is the hundreds digit of 600539?
5
What is the tens digit of 32075?
7
What is the units digit of 8378067?
7
What is the units digit of 2447636?
6
What is the units digit of 282481?
1
What is the units digit of 47843?
3
What is the thousands digit of 1633907?
3
What is the hundreds digit of 381542?
5
What is the units digit of 8660041?
1
What is the thousands digit of 5260532?
0
What is the tens digit of 289829?
2
What is the hundred thousands digit of 1009019?
0
What is the ten thousands digit of 349195?
4
What is the ten thousands digit of 53649?
5
What is the units digit of 611758?
8
What is the tens digit of 12514?
1
What is the hundreds digit of 9587812?
8
What is the ten thousands digit of 1789414?
8
What is the hundred thousands digit of 7320618?
3
What is the units digit of 2540847?
7
What is the hundred thousands digit of 1320683?
3
What is the ten thousands digit of 67465?
6
What is the hundred thousands digit of 2495254?
4
What is the ten thousands digit of 13995836?
9
What is the tens digit of 1395499?
9
What is the hundreds digit of 1062370?
3
What is the ten thousands digit of 57533?
5
What is the hundreds digit of 886456?
4
What is the units digit of 6284142?
2
What is the hundred thousands digit of 20924701?
9
What is the units digit of 3647593?
3
What is the ten thousands digit of 2160634?
6
What is the tens digit of 5638483?
8
What is the millions digit of 2127153?
2
What is the hundreds digit of 534869?
8
What is the hundred thousands digit of 1443456?
4
What is the units digit of 934093?
3
What is the tens digit of 1250005?
0
What is the units digit of 689716?
6
What is the tens digit of 1323469?
6
What is the tens digit of 2603399?
9
What is the ten thousands digit of 8554744?
5
What is the units digit of 212313?
3
What is the hundred thousands digit of 153407?
1
What is the ten thousands digit of 391508?
9
What is the hundreds digit of 175071?
0
What is the hundreds digit of 621889?
8
What is the units digit of 88001?
1
What is the hundred thousands digit of 161700?
1
What is the units digit of 2868958?
8
What is the ten thousands digit of 472930?
7
What is the units digit of 736529?
9
What is the tens digit of 244915?
1
What is the thousands digit of 277201?
7
What is the thousands digit of 4805?
4
What is the ten thousands digit of 1218796?
1
What is the millions digit of 1553782?
1
What is the hundreds digit of 730066?
0
What is the thousands digit of 2927673?
7
What is the ten thousands digit of 2718882?
1
What is the units digit of 28395809?
9
What is the hundreds digit of 196651?
6
What is the hundred thousands digit of 631306?
6
What is the units digit of 5339933?
3
What is the thousands digit of 17353367?
3
What is the hundreds digit of 1324340?
3
What is the tens digit of 195350?
5
What is the ten thousands digit of 61575?
6
What is the thousands digit of 941213?
1
What is the thousands digit of 144531?
4
What is the ten thousands digit of 124253?
2
What is the hundreds digit of 5576602?
6
What is the units digit of 4536405?
5
What is the ten thousands digit of 627607?
2
What is the ten thousands digit of 5479282?
7
What is the tens digit of 1855318?
1
What is the hundreds digit of 1870854?
8
What is the ten thousands digit of 457743?
5
What is the thousands digit of 1170614?
0
What is the thousands digit of 230597?
0
What is the ten thousands digit of 1677583?
7
What is the thousands digit of 9558702?
8
What is the hundreds digit of 429016?
0
What is the hundred thousands digit of 226242?
2
What is the ten thousands digit of 900045?
0
What is the hundred thousands digit of 2116299?
1
What is the thousands digit of 302687?
2
What is the thousands digit of 775280?
5
What is the tens digit of 498501?
0
What is the ten thousands digit of 176987?
7
What is the ten thousands digit of 878009?
7
What is the ten thousands digit of 203386?
0
What is the units digit of 261885?
5
What is the tens digit of 340790?
9
What is the tens digit of 1476427?
2
What is the hundreds digit of 1466556?
5
What is the thousands digit of 300774?
0
What is the hundreds digit of 924076?
0
What is the hundred thousands digit of 813788?
8
What is the hundred thousands digit of 3867529?
8
What is the hundreds digit of 979238?
2
What is the ten thousands digit of 17446886?
4
What is the ten thousands digit of 6529994?
2
What is the hundred thousands digit of 26777271?
7
What is the millions digit of 1505213?
1
What is the hundreds digit of 1230449?
4
What is the thousands digit of 1332802?
2
What is the hundred thousands digit of 5454025?
4
What is the thousands digit of 729625?
9
What is the millions digit of 10500973?
0
What is the ten thousands digit of 3259566?
5
What is the thousands digit of 657153?
7
What is the hundreds digit of 226926?
9
What is the thousands digit of 232956?
2
What is the thousands digit of 73469?
3
What is the tens digit of 891025?
2
What is the hundreds digit of 8149370?
3
What is the hundred thousands digit of 3097376?
0
What is the hundred thousands digit of 3080646?
0
What is the thousands digit of 943999?
3
What is the hundreds digit of 540115?
1
What is the units digit of 1154922?
2
What is the thousands digit of 547644?
7
What is the thousands digit of 3502119?
2
What is the ten thousands digit of 319251?
1
What is the units digit of 4854289?
9
What is the tens digit of 1571018?
1
What is the hundred thousands digit of 257757?
2
What is the hundreds digit of 574400?
4
What is the units digit of 984784?
4
What is the hundred thousands digit of 813040?
8
What is the ten millions digit of 10086810?
1
What is the units digit of 96